{"id":3046,"date":"2014-01-13T12:48:37","date_gmt":"2014-01-13T11:48:37","guid":{"rendered":"http:\/\/faschingszunft.alberschwende.info\/?page_id=3046"},"modified":"2017-10-23T13:02:46","modified_gmt":"2017-10-23T12:02:46","slug":"teenygarde-beginn-saison-2013-14","status":"publish","type":"page","link":"https:\/\/faschingszunft.alberschwende.info\/?page_id=3046","title":{"rendered":"Teenygarde Beginn Saison 2013-14"},"content":{"rendered":"<p style=\"text-align: left;\"><a href=\"http:\/\/faschingszunft.alberschwende.info\/?page_id=2659&amp;preview=true\" target=\"_self\">Garde<\/a> | <a href=\"http:\/\/faschingszunft.alberschwende.info\/?page_id=84\" target=\"_self\">Kindergarde<\/a> | <a href=\"http:\/\/faschingszunft.alberschwende.info\/?page_id=95\" target=\"_self\">Showtanzgruppe<\/a> |\u00a0Teenygarde | <a href=\"http:\/\/faschingszunft.alberschwende.info\/?page_id=720\" target=\"_self\">anno dazumal<\/a><\/p>\n<p>&nbsp;<\/p>\n<p>Saison 2017\/18 | <a href=\"http:\/\/faschingszunft.alberschwende.info\/?page_id=12149\">Saison 1016\/17<\/a> | <a href=\"http:\/\/faschingszunft.alberschwende.info\/?page_id=6593\">Saison 2014\/15<\/a> | Saison 2013-14<\/p>\n<p>&nbsp;<\/p>\n<p>Neu ab der Faschingssaison 2013-14 begleitet uns die Teenygarde. Passend zu unseren Zunftfarben wurden die Gardem\u00e4dchen mit einer gr\u00fcnen Uniform ausgestattet. Am 11.11.13 hatten sie ihren ersten Auftritt. Unsere ersten 9 Gardem\u00e4dchen sind:<\/p>\n<p style=\"text-align: center;\"><a href=\"http:\/\/faschingszunft.alberschwende.info\/?page_id=2921&amp;album=175&amp;gallery=183\" target=\"_self\"><img class=\"ngg-singlepic ngg-center aligncenter\" src=\"http:\/\/faschingszunft.alberschwende.info\/wp-content\/gallery\/landesnarrentag-bludenz-12-01-14\/landesnarrentag-bludenz-012.jpg\" alt=\"landesnarrentag-bludenz-012\" \/><\/a><\/p>\n<p><strong>hintere Reihe:<\/strong><br \/>\nCorinna Kohler (neu Bezau)<br \/>\nAlexandra Hopfner (neu Bildstein)<br \/>\nLaura Eller (Wiedereinsteigering nach Kindergarde und Showtanzgruppe)<br \/>\nSabrina Hopfner (neu Bersbuch)<br \/>\nLena-Maria Sohm (neu)<br \/>\n<strong>vordere Reihe:<\/strong><br \/>\nAntonella Tartarotti (neu Bezau)<br \/>\nJasmin Eiler (Wiedereinsteigerin nach Kindergarde und Showtanzgruppe)<br \/>\nWalburga Bischofberger (neu Bezau)<br \/>\nJulia Stadelmann (Wiedereinsteigerin nach Kindergarde)<\/p>\n<p><a href=\"http:\/\/faschingszunft.alberschwende.info\/?page_id=2921&amp;album=175&amp;gallery=183\" target=\"_self\">mehr Fotos<\/a><\/p>\n<p>In der Teenygarde wird heuer ein Marsch getanzt, den Andrea Stadelmann einstudiert hat. Einige M\u00e4dchen tanzen jedoch beim Showtanz der &#8222;grossen&#8220; Garde unter dem Motto Cheerleaders mit, den Julia Keck und Nadine Amann trainieren. Foto folgt.<\/p>\n","protected":false},"excerpt":{"rendered":"<p>Garde | Kindergarde | Showtanzgruppe |\u00a0Teenygarde | anno dazumal &nbsp; Saison 2017\/18 | Saison 1016\/17 | Saison 2014\/15 | Saison 2013-14 &nbsp; Neu ab der Faschingssaison 2013-14 begleitet uns die Teenygarde. Passend zu unseren Zunftfarben wurden die Gardem\u00e4dchen mit einer gr\u00fcnen Uniform ausgestattet. Am 11.11.13 hatten sie ihren ersten Auftritt. Unsere ersten 9 Gardem\u00e4dchen sind: &hellip; <a href=\"https:\/\/faschingszunft.alberschwende.info\/?page_id=3046\" class=\"more-link\"><span class=\"screen-reader-text\">Teenygarde Beginn Saison 2013-14<\/span> weiterlesen<\/a><\/p>\n","protected":false},"author":2,"featured_media":0,"parent":26,"menu_order":0,"comment_status":"open","ping_status":"closed","template":"","meta":{"ngg_post_thumbnail":0},"_links":{"self":[{"href":"https:\/\/faschingszunft.alberschwende.info\/index.php?rest_route=\/wp\/v2\/pages\/3046"}],"collection":[{"href":"https:\/\/faschingszunft.alberschwende.info\/index.php?rest_route=\/wp\/v2\/pages"}],"about":[{"href":"https:\/\/faschingszunft.alberschwende.info\/index.php?rest_route=\/wp\/v2\/types\/page"}],"author":[{"embeddable":true,"href":"https:\/\/faschingszunft.alberschwende.info\/index.php?rest_route=\/wp\/v2\/users\/2"}],"replies":[{"embeddable":true,"href":"https:\/\/faschingszunft.alberschwende.info\/index.php?rest_route=%2Fwp%2Fv2%2Fcomments&post=3046"}],"version-history":[{"count":14,"href":"https:\/\/faschingszunft.alberschwende.info\/index.php?rest_route=\/wp\/v2\/pages\/3046\/revisions"}],"predecessor-version":[{"id":12162,"href":"https:\/\/faschingszunft.alberschwende.info\/index.php?rest_route=\/wp\/v2\/pages\/3046\/revisions\/12162"}],"up":[{"embeddable":true,"href":"https:\/\/faschingszunft.alberschwende.info\/index.php?rest_route=\/wp\/v2\/pages\/26"}],"wp:attachment":[{"href":"https:\/\/faschingszunft.alberschwende.info\/index.php?rest_route=%2Fwp%2Fv2%2Fmedia&parent=3046"}],"curies":[{"name":"wp","href":"https:\/\/api.w.org\/{rel}","templated":true}]}}