{"id":26,"date":"2008-12-24T15:58:12","date_gmt":"2008-12-24T14:58:12","guid":{"rendered":"http:\/\/faschingszunft.alberschwende.info\/?page_id=26"},"modified":"2024-03-11T18:46:34","modified_gmt":"2024-03-11T17:46:34","slug":"garde","status":"publish","type":"page","link":"https:\/\/faschingszunft.alberschwende.info\/?page_id=26","title":{"rendered":"Garde"},"content":{"rendered":"\n<figure class=\"wp-block-image size-full\"><a href=\"http:\/\/faschingszunft.alberschwende.info\/wp-content\/uploads\/2024\/03\/k-5T3A1801-1.jpg\" data-rel=\"lightbox-image-0\" data-rl_title=\"\" data-rl_caption=\"\" title=\"\"><img loading=\"lazy\" width=\"530\" height=\"353\" src=\"http:\/\/faschingszunft.alberschwende.info\/wp-content\/uploads\/2024\/03\/k-5T3A1801-1.jpg\" alt=\"\" class=\"wp-image-20493\" srcset=\"https:\/\/faschingszunft.alberschwende.info\/wp-content\/uploads\/2024\/03\/k-5T3A1801-1.jpg 530w, https:\/\/faschingszunft.alberschwende.info\/wp-content\/uploads\/2024\/03\/k-5T3A1801-1-300x200.jpg 300w\" sizes=\"(max-width: 530px) 100vw, 530px\" \/><\/a><figcaption><strong>Fasnatm\u00e4tag 2024<\/strong><\/figcaption><\/figure>\n\n\n<p>\u00a0<\/p>\n<p><strong><a href=\"http:\/\/faschingszunft.alberschwende.info\/?page_id=14151\">Garde 2018\/19<\/a><\/strong><\/p>\n<p>.<\/p>\n<p>.<\/p>\n<p><a href=\"http:\/\/faschingszunft.alberschwende.info\/?page_id=2659&amp;preview=true\" target=\"_self\" rel=\"noopener\">Garde<\/a> | <a href=\"http:\/\/faschingszunft.alberschwende.info\/?page_id=84\" target=\"_self\" rel=\"noopener\">Kindergarde<\/a> | <a href=\"http:\/\/faschingszunft.alberschwende.info\/?page_id=95\" target=\"_self\" rel=\"noopener\">Showtanzgruppe<\/a> |\u00a0<a href=\"http:\/\/faschingszunft.alberschwende.info\/?page_id=3046\" target=\"_self\" rel=\"noopener\">Teenygarde<\/a> | <a href=\"http:\/\/faschingszunft.alberschwende.info\/?page_id=720\" target=\"_self\" rel=\"noopener\">anno dazumal<\/a><\/p>\n<p>Hier gibt es f\u00fcr alle viel zu Entdecken &#8211; los gehts.<\/p>\n<p><span style=\"color: #ffffff;\">.<\/span><\/p>\n<p style=\"text-align: center;\"><span style=\"color: #ffffff;\"><img class=\"ngg-singlepic ngg-center\" src=\"http:\/\/faschingszunft.alberschwende.info\/wp-content\/gallery\/Landesnarrentag-H%C3%B6chst-08.01.17\/DSC_9863.JPG\" alt=\"DSC_9863\" \/>.<\/span><\/p>\n<p><a href=\"http:\/\/faschingszunft.alberschwende.info\/?page_id=84\" target=\"_self\" rel=\"noopener\"><strong>Kindergarde:<\/strong><\/a> gegr\u00fcndet 2002 bis 2010, wieder gegr\u00fcndet 2016<\/p>\n<p><strong><a href=\"http:\/\/faschingszunft.alberschwende.info\/?page_id=95\" target=\"_self\" rel=\"noopener\">Showtanzgruppe<\/a>:<\/strong> gegr\u00fcndet 2005 bis 2010<\/p>\n<p><strong><a href=\"http:\/\/faschingszunft.alberschwende.info\/?page_id=2659&amp;preview=true\" target=\"_self\" rel=\"noopener\">Garde<\/a>:<\/strong> wieder gegr\u00fcndet 2008<\/p>\n<p><strong><a href=\"http:\/\/faschingszunft.alberschwende.info\/?page_id=3046\" target=\"_self\" rel=\"noopener\">Teenygarde<\/a>:<\/strong> gegr\u00fcndet 2013 bis 2015, wieder gegr\u00fcndet 2016<\/p>\n<p><strong>\u00a0<\/strong><\/p>\n<table style=\"height: 10px; text-align: center;\" border=\"0\" width=\"530\">\n<tbody>\n<tr>\n<td width=\"20%\">\u00a0<\/td>\n<td style=\"text-align: left;\" width=\"80%\">\u00a0<\/td>\n<\/tr>\n<\/tbody>\n<\/table>\n<table style=\"text-align: center; height: 233px;\" border=\"0\" width=\"1\">\n<tbody>\n<tr>\n<td width=\"20%\">\u00a0<\/td>\n<td style=\"text-align: left;\" width=\"80%\">\u00a0<\/td>\n<\/tr>\n<\/tbody>\n<\/table>\n<table style=\"height: 10px; text-align: center;\" border=\"0\" width=\"530\">\n<tbody>\n<tr>\n<td width=\"20%\">\u00a0<\/td>\n<td style=\"text-align: left;\" width=\"80%\">\u00a0<\/td>\n<\/tr>\n<\/tbody>\n<\/table>","protected":false},"excerpt":{"rendered":"<p>\u00a0 Garde 2018\/19 . . Garde | Kindergarde | Showtanzgruppe |\u00a0Teenygarde | anno dazumal Hier gibt es f\u00fcr alle viel zu Entdecken &#8211; los gehts. . . Kindergarde: gegr\u00fcndet 2002 bis 2010, wieder gegr\u00fcndet 2016 Showtanzgruppe: gegr\u00fcndet 2005 bis 2010 Garde: wieder gegr\u00fcndet 2008 Teenygarde: gegr\u00fcndet 2013 bis 2015, wieder gegr\u00fcndet 2016 \u00a0 \u00a0 \u00a0 &hellip; <a href=\"https:\/\/faschingszunft.alberschwende.info\/?page_id=26\" class=\"more-link\"><span class=\"screen-reader-text\">Garde<\/span> weiterlesen<\/a><\/p>\n","protected":false},"author":1,"featured_media":0,"parent":0,"menu_order":7,"comment_status":"open","ping_status":"open","template":"","meta":{"ngg_post_thumbnail":0},"_links":{"self":[{"href":"https:\/\/faschingszunft.alberschwende.info\/index.php?rest_route=\/wp\/v2\/pages\/26"}],"collection":[{"href":"https:\/\/faschingszunft.alberschwende.info\/index.php?rest_route=\/wp\/v2\/pages"}],"about":[{"href":"https:\/\/faschingszunft.alberschwende.info\/index.php?rest_route=\/wp\/v2\/types\/page"}],"author":[{"embeddable":true,"href":"https:\/\/faschingszunft.alberschwende.info\/index.php?rest_route=\/wp\/v2\/users\/1"}],"replies":[{"embeddable":true,"href":"https:\/\/faschingszunft.alberschwende.info\/index.php?rest_route=%2Fwp%2Fv2%2Fcomments&post=26"}],"version-history":[{"count":62,"href":"https:\/\/faschingszunft.alberschwende.info\/index.php?rest_route=\/wp\/v2\/pages\/26\/revisions"}],"predecessor-version":[{"id":20495,"href":"https:\/\/faschingszunft.alberschwende.info\/index.php?rest_route=\/wp\/v2\/pages\/26\/revisions\/20495"}],"wp:attachment":[{"href":"https:\/\/faschingszunft.alberschwende.info\/index.php?rest_route=%2Fwp%2Fv2%2Fmedia&parent=26"}],"curies":[{"name":"wp","href":"https:\/\/api.w.org\/{rel}","templated":true}]}}