{"id":2371,"date":"2011-07-30T18:06:17","date_gmt":"2011-07-30T17:06:17","guid":{"rendered":"http:\/\/faschingszunft.alberschwende.info\/?page_id=2371"},"modified":"2011-07-30T18:12:12","modified_gmt":"2011-07-30T17:12:12","slug":"ortsvereinsturnier-schiessen-17-07-11","status":"publish","type":"page","link":"https:\/\/faschingszunft.alberschwende.info\/?page_id=2371","title":{"rendered":"Ortsvereinsturnier Schiessen 17.07.11"},"content":{"rendered":"<p><strong>Mannschaft I<\/strong> bestand aus den Sch\u00fctzen:<\/p>\n<p>Christian Eller (180 Ringe &#8211; Einzelwertung 6. Rang),<br \/>\nErich Flatz (178 Ringe &#8211; Einzelwertung 8. Rang),<br \/>\nSigi Zeitfogel (175 Ringe &#8211; Einzelwertung 11. Rang) und<br \/>\nErich Stadelmann (158 Ringe &#8211; Einzelwertung 33. Rang)<\/p>\n<p>erreichte in der Schlusswertung der Mannschaften den <strong>7. Rang<\/strong>.<\/p>\n<p><strong>Mannschaft II<\/strong> mit den Sch\u00fctzen<\/p>\n<p>J\u00fcrgen Sutterl\u00fcty (189 Ringe)<br \/>\n<strong>Birgit<\/strong> Sutterl\u00fcty (187 Ringe &#8211; <strong>Vereinsmeisterin Damen<\/strong>)<br \/>\n<strong>Andrea<\/strong> Stadelmann (175 Ringe &#8211; <strong>Vereinsvizemeisterin Damen<\/strong>)<br \/>\nGerda Sutterl\u00fcty (148 Ringe &#8211; Einzelwertung Damen 9. Rang)<\/p>\n<p>hat Mannschaft I wieder einmal geschlagen (ohne Sonderbehandlung der Frauen &#8211; Frauen und M\u00e4nner schiessen aufgelegt) und erreichte den <strong>4. Platz<\/strong>, das Podium r\u00fcckt immer n\u00e4her.<\/p>\n<p>Birgit Sutterl\u00fcty erreichte ausser dem Vereinsmeistertitel noch beim Bl\u00e4ttleschiessen den hervorragenden 3. Platz.<\/p>\n<p>Das interne Duell zwischen Damen und Herren geht in die n\u00e4chste Runde. Herzliche Gratulation an alle Sch\u00fctzInnen.<\/p>\n<p><a href=\"http:\/\/faschingszunft.alberschwende.info\/?page_id=2305&amp;album=100&amp;gallery=104\" target=\"_self\">Fotos<\/a><\/p>\n","protected":false},"excerpt":{"rendered":"<p>Mannschaft I bestand aus den Sch\u00fctzen: Christian Eller (180 Ringe &#8211; Einzelwertung 6. Rang), Erich Flatz (178 Ringe &#8211; Einzelwertung 8. Rang), Sigi Zeitfogel (175 Ringe &#8211; Einzelwertung 11. Rang) und Erich Stadelmann (158 Ringe &#8211; Einzelwertung 33. Rang) erreichte in der Schlusswertung der Mannschaften den 7. Rang. Mannschaft II mit den Sch\u00fctzen J\u00fcrgen Sutterl\u00fcty &hellip; <a href=\"https:\/\/faschingszunft.alberschwende.info\/?page_id=2371\" class=\"more-link\"><span class=\"screen-reader-text\">Ortsvereinsturnier Schiessen 17.07.11<\/span> weiterlesen<\/a><\/p>\n","protected":false},"author":2,"featured_media":0,"parent":1702,"menu_order":0,"comment_status":"open","ping_status":"closed","template":"","meta":{"ngg_post_thumbnail":0},"_links":{"self":[{"href":"https:\/\/faschingszunft.alberschwende.info\/index.php?rest_route=\/wp\/v2\/pages\/2371"}],"collection":[{"href":"https:\/\/faschingszunft.alberschwende.info\/index.php?rest_route=\/wp\/v2\/pages"}],"about":[{"href":"https:\/\/faschingszunft.alberschwende.info\/index.php?rest_route=\/wp\/v2\/types\/page"}],"author":[{"embeddable":true,"href":"https:\/\/faschingszunft.alberschwende.info\/index.php?rest_route=\/wp\/v2\/users\/2"}],"replies":[{"embeddable":true,"href":"https:\/\/faschingszunft.alberschwende.info\/index.php?rest_route=%2Fwp%2Fv2%2Fcomments&post=2371"}],"version-history":[{"count":4,"href":"https:\/\/faschingszunft.alberschwende.info\/index.php?rest_route=\/wp\/v2\/pages\/2371\/revisions"}],"predecessor-version":[{"id":2377,"href":"https:\/\/faschingszunft.alberschwende.info\/index.php?rest_route=\/wp\/v2\/pages\/2371\/revisions\/2377"}],"up":[{"embeddable":true,"href":"https:\/\/faschingszunft.alberschwende.info\/index.php?rest_route=\/wp\/v2\/pages\/1702"}],"wp:attachment":[{"href":"https:\/\/faschingszunft.alberschwende.info\/index.php?rest_route=%2Fwp%2Fv2%2Fmedia&parent=2371"}],"curies":[{"name":"wp","href":"https:\/\/api.w.org\/{rel}","templated":true}]}}