{"id":22,"date":"2008-12-24T15:40:29","date_gmt":"2008-12-24T14:40:29","guid":{"rendered":"http:\/\/faschingszunft.alberschwende.info\/?page_id=22"},"modified":"2013-01-22T22:04:39","modified_gmt":"2013-01-22T21:04:39","slug":"galerie","status":"publish","type":"page","link":"https:\/\/faschingszunft.alberschwende.info\/?page_id=22","title":{"rendered":"Videos"},"content":{"rendered":"<p><a href=\"http:\/\/www.youtube.com\/watch?v=4iDE1Ji7km4\" data-rel=\"lightbox-video-0\"><img src=\"file:\/\/\/C:\/Users\/Andrea\/AppData\/Local\/Temp\/moz-screenshot.jpg\" alt=\"\" \/><strong> <\/strong><\/a><\/p>\n<p><a href=\"http:\/\/faschingszunft.alberschwende.info\/wp-content\/uploads\/2008\/12\/Symbolfoto-Shooting.jpg\" data-rel=\"lightbox-image-0\" data-rl_title=\"\" data-rl_caption=\"\" title=\"\"><img loading=\"lazy\" class=\"alignleft size-full wp-image-2794\" title=\"Symbolfoto Shooting\" src=\"http:\/\/faschingszunft.alberschwende.info\/wp-content\/uploads\/2008\/12\/Symbolfoto-Shooting.jpg\" alt=\"\" width=\"120\" height=\"79\" \/><\/a><span style=\"color: #000000;\"><span style=\"color: #ffffff;\">..<\/span><a href=\"http:\/\/faschingszunft.alberschwende.info\/?page_id=2798\" target=\"_self\">Gardeshooting 2010<\/a> (von Harald B\u00f6hler)<\/span><\/p>\n<p><span style=\"color: #000000;\"> <\/span><\/p>\n<p><span style=\"color: #ffffff;\">&#8230;<\/span><\/p>\n<p><span style=\"color: #ffffff;\">&#8230;&#8230;..<\/span><\/p>\n<p><span style=\"color: #ffffff;\">&#8230;&#8230;&#8230;&#8230;<\/span><\/p>\n<p><span style=\"color: #ffffff;\">.<a href=\"http:\/\/faschingszunft.alberschwende.info\/wp-content\/uploads\/2008\/12\/Faschingsumzug-20101.jpg\" data-rel=\"lightbox-image-1\" data-rl_title=\"\" data-rl_caption=\"\" title=\"\"><img loading=\"lazy\" class=\"alignleft size-full wp-image-2018\" title=\"Faschingsumzug 2010\" src=\"http:\/\/faschingszunft.alberschwende.info\/wp-content\/uploads\/2008\/12\/Faschingsumzug-20101.jpg\" alt=\"\" width=\"122\" height=\"97\" \/><\/a> .<\/span> <a href=\"http:\/\/faschingszunft.alberschwende.info\/?page_id=2037\" target=\"_self\">Faschingumzug 2010 (L\u00e4ndle TV)<\/a><\/p>\n<p><span style=\"color: #ffffff;\">.<\/span><\/p>\n<p><span style=\"color: #ffffff;\">.<\/span><\/p>\n<p><span style=\"color: #ffffff;\">.<\/span><\/p>\n<p><span style=\"color: #ffffff;\">.<\/span><\/p>\n<p><span style=\"color: #ffffff;\">&#8230;\u00a0<span style=\"color: #000000;\"> <a href=\"http:\/\/faschingszunft.alberschwende.info\/?page_id=2041\" target=\"_self\">Kampf der Gigangen<\/a> (von Harald B\u00f6hler)<\/span><a href=\"http:\/\/faschingszunft.alberschwende.info\/wp-content\/uploads\/2008\/12\/Kampf-der-Giganten.jpg\" data-rel=\"lightbox-image-2\" data-rl_title=\"\" data-rl_caption=\"\" title=\"\"><img loading=\"lazy\" class=\"alignleft size-full wp-image-2051\" title=\"Kampf der Giganten\" src=\"http:\/\/faschingszunft.alberschwende.info\/wp-content\/uploads\/2008\/12\/Kampf-der-Giganten.jpg\" alt=\"\" width=\"120\" height=\"90\" \/><\/a><\/span><\/p>\n<p><span style=\"color: #ffffff;\">..<\/span><\/p>\n<p><span style=\"color: #ffffff;\">.<\/span><\/p>\n<p><span style=\"color: #ffffff;\">.<\/span><\/p>\n<p><span style=\"color: #ffffff;\">Gardeauftritt Buch 2010<br \/>\n<\/span><\/p>\n<p><span style=\"color: #ffffff;\"><a href=\"http:\/\/faschingszunft.alberschwende.info\/wp-content\/uploads\/2008\/12\/Gardeauftritt-Buch-20101.jpg\" data-rel=\"lightbox-image-3\" data-rl_title=\"\" data-rl_caption=\"\" title=\"\"><img loading=\"lazy\" class=\"alignleft size-full wp-image-2061\" title=\"Gardeauftritt Buch 2010\" src=\"http:\/\/faschingszunft.alberschwende.info\/wp-content\/uploads\/2008\/12\/Gardeauftritt-Buch-20101.jpg\" alt=\"\" width=\"120\" height=\"90\" \/><\/a>.\u00a0 <a href=\"http:\/\/faschingszunft.alberschwende.info\/?page_id=2045\" target=\"_self\"><span style=\"color: #000000;\">Auftritt Kindergarde Buch 2010<\/span><\/a> <span style=\"color: #000000;\">(von Harald B\u00f6hler)<\/span><\/span><\/p>\n<p><span style=\"color: #ffffff;\">.<\/span><\/p>\n<p><span style=\"color: #ffffff;\">.<\/span><\/p>\n<p><span style=\"color: #ffffff;\">.<\/span><\/p>\n<p><span style=\"color: #ffffff;\">.<br \/>\n<\/span><\/p>\n<p><a href=\"http:\/\/faschingszunft.alberschwende.info\/?page_id=1571&amp;preview=true\" target=\"_self\"><strong><img loading=\"lazy\" class=\"alignleft size-full wp-image-1569\" title=\"jubilaumsumzug-mv-alberschwende-20091\" src=\"http:\/\/faschingszunft.alberschwende.info\/wp-content\/uploads\/2008\/12\/jubilaumsumzug-mv-alberschwende-20091.jpg\" alt=\"jubilaumsumzug-mv-alberschwende-20091\" width=\"120\" height=\"90\" \/> <\/strong><\/a><strong><span style=\"color: #ffffff;\">.<\/span><\/strong><a href=\"http:\/\/faschingszunft.alberschwende.info\/?page_id=1571&amp;preview=true\" target=\"_self\"><strong>Jubil\u00e4umsu<\/strong><strong>mzug MV Alberschwende 2009<\/strong><\/a><a href=\"http:\/\/www.youtube.com\/watch?v=4iDE1Ji7km4\" data-rel=\"lightbox-video-0\"> <\/a>(von Harald B\u00f6hler)<\/p>\n<p><span style=\"color: #ffffff;\">.<br \/>\n<\/span><\/p>\n<p><span style=\"color: #ffffff;\">.<\/span><\/p>\n<p><span style=\"color: #ffffff;\">..<\/span><\/p>\n<p><strong><a href=\"http:\/\/faschingszunft.alberschwende.info\/?page_id=1331\" target=\"_self\"><img loading=\"lazy\" class=\"alignleft size-full wp-image-1335\" title=\"kindergarde-showtanz-2009\" src=\"http:\/\/faschingszunft.alberschwende.info\/wp-content\/uploads\/2008\/12\/kindergarde-showtanz-2009.jpg\" alt=\"kindergarde-showtanz-2009\" width=\"120\" height=\"90\" \/><\/a><span style=\"color: #ffffff;\">.<\/span><a href=\"http:\/\/faschingszunft.alberschwende.info\/?page_id=1331\" target=\"_self\">Kindergarde + Showtanzgruppe 2009 <\/a><\/strong><a href=\"http:\/\/faschingszunft.alberschwende.info\/?page_id=1331\" target=\"_self\"><strong> <\/strong><\/a><strong><a href=\"http:\/\/faschingszunft.alberschwende.info\/?page_id=1331\" target=\"_self\">Showtanz <\/a><\/strong>(von Harald B\u00f6hler)<\/p>\n<p><span style=\"color: #ffffff;\">.<\/span><\/p>\n<p><span style=\"color: #ffffff;\">.<\/span><\/p>\n<p><span style=\"color: #ffffff;\">.<\/span><\/p>\n<p><strong><a href=\"http:\/\/faschingszunft.alberschwende.info\/?page_id=1341\" target=\"_self\"><img loading=\"lazy\" class=\"alignleft size-full wp-image-1339\" title=\"kindergarde-marsch-2009\" src=\"http:\/\/faschingszunft.alberschwende.info\/wp-content\/uploads\/2008\/12\/kindergarde-marsch-2009.jpg\" alt=\"kindergarde-marsch-2009\" width=\"120\" height=\"90\" \/><\/a><span style=\"color: #ffffff;\"> .<\/span><a href=\"http:\/\/faschingszunft.alberschwende.info\/?page_id=1341\" target=\"_self\">Kindergarde + Showtanzgruppe 2009<\/a><\/strong><a href=\"http:\/\/faschingszunft.alberschwende.info\/?page_id=1341\" target=\"_self\"> <strong>Marsch<\/strong><\/a><strong> <\/strong>(von Harald B\u00f6hler)<\/p>\n<p><span style=\"color: #ffffff;\">.<\/span><\/p>\n<p><span style=\"color: #ffffff;\">.<\/span><\/p>\n<p><span style=\"color: #ffffff;\">.<\/span><\/p>\n<p><strong><a href=\"http:\/\/faschingszunft.alberschwende.info\/?page_id=1348\" target=\"_self\"><img loading=\"lazy\" class=\"alignleft size-full wp-image-1351\" title=\"garde-2009\" src=\"http:\/\/faschingszunft.alberschwende.info\/wp-content\/uploads\/2008\/12\/garde-2009.jpg\" alt=\"garde-2009\" width=\"120\" height=\"90\" \/><\/a><span style=\"color: #ffffff;\">.<\/span><a href=\"http:\/\/faschingszunft.alberschwende.info\/?page_id=1348\" target=\"_self\">Garde 2009<\/a><\/strong><a href=\"http:\/\/faschingszunft.alberschwende.info\/?page_id=1348\" target=\"_self\"> <strong> <\/strong><\/a><strong><a href=\"http:\/\/faschingszunft.alberschwende.info\/?page_id=1348\" target=\"_self\">Marsch <\/a><\/strong>(von Harald B\u00f6hler)<\/p>\n<p><span style=\"color: #ffffff;\">.<\/span><\/p>\n<p><span style=\"color: #ffffff;\">.<\/span><\/p>\n<p><span style=\"color: #ffffff;\">.<\/span><\/p>\n<p><strong><a href=\"http:\/\/faschingszunft.alberschwende.info\/?page_id=60\" target=\"_self\"><img loading=\"lazy\" class=\"alignleft size-full wp-image-1354\" title=\"v-online\" src=\"http:\/\/faschingszunft.alberschwende.info\/wp-content\/uploads\/2008\/12\/v-online.jpg\" alt=\"v-online\" width=\"122\" height=\"92\" \/><\/a><span style=\"color: #ffffff;\">.<\/span><a href=\"http:\/\/faschingszunft.alberschwende.info\/?page_id=60\" target=\"_self\">Faschingmontag 2008<\/a><\/strong><a href=\"http:\/\/faschingszunft.alberschwende.info\/?page_id=60\" target=\"_self\"> <\/a>(von Vorarlberg Online)<\/p>\n<p><span style=\"color: #ffffff;\">.<\/span><\/p>\n<p><span style=\"color: #ffffff;\">&#8230;<\/span><\/p>\n<p><span style=\"color: #ffffff;\"><br \/>\n<\/span><\/p>\n<p><strong><a href=\"http:\/\/faschingszunft.alberschwende.info\/?page_id=1357\" target=\"_self\"><img loading=\"lazy\" class=\"alignleft size-full wp-image-1359\" title=\"kindergarde-2002\" src=\"http:\/\/faschingszunft.alberschwende.info\/wp-content\/uploads\/2008\/12\/kindergarde-2002.jpg\" alt=\"kindergarde-2002\" width=\"120\" height=\"90\" \/><\/a><span style=\"color: #ffffff;\">.<\/span><a href=\"http:\/\/faschingszunft.alberschwende.info\/?page_id=1357\">Kindergarde 2006 Blumenabend<\/a><\/strong> (von Harald B\u00f6hler)<\/p>\n<p><span style=\"color: #ffffff;\">.<\/span><\/p>\n<p><span style=\"color: #ffffff;\">.<\/span><\/p>\n<p><span style=\"color: #ffffff;\">.<\/span><\/p>\n<p><strong><a href=\"http:\/\/faschingszunft.alberschwende.info\/?page_id=1362\" target=\"_self\"><img loading=\"lazy\" class=\"alignleft size-full wp-image-1364\" title=\"30-jahre-faschingszunft-2005\" src=\"http:\/\/faschingszunft.alberschwende.info\/wp-content\/uploads\/2008\/12\/30-jahre-faschingszunft-2005.jpg\" alt=\"30-jahre-faschingszunft-2005\" width=\"120\" height=\"90\" \/><\/a><span style=\"color: #ffffff;\">.<\/span><a href=\"http:\/\/faschingszunft.alberschwende.info\/?page_id=1362\" target=\"_self\">Zunft K\u00e4seklatsch 2005<\/a><\/strong> (von Harald B\u00f6hler)<\/p>\n<p><a href=\"http:\/\/faschingszunft.alberschwende.info\/?page_id=1362\" target=\"_self\"><span style=\"color: #ffffff;\">.<\/span><\/a><\/p>\n<p><span style=\"color: #ffffff;\">.<\/span><\/p>\n<p><span style=\"color: #ffffff;\">.<\/span><\/p>\n<p><strong><a href=\"http:\/\/faschingszunft.alberschwende.info\/?page_id=1366\" target=\"_self\"><img loading=\"lazy\" class=\"alignleft size-full wp-image-1368\" title=\"burgermeisterabsetzung-2004\" src=\"http:\/\/faschingszunft.alberschwende.info\/wp-content\/uploads\/2008\/12\/burgermeisterabsetzung-2004.jpg\" alt=\"burgermeisterabsetzung-2004\" width=\"120\" height=\"90\" \/><\/a><span style=\"color: #ffffff;\">.<\/span><a href=\"http:\/\/faschingszunft.alberschwende.info\/?page_id=1366\" target=\"_self\">B\u00fcrgermeisterabsetzung Faschingsmontag 2004<\/a><\/strong> (von Harald B\u00f6hler)<\/p>\n<p><span style=\"color: #ffffff;\">.<\/span><\/p>\n<p><span style=\"color: #ffffff;\">.<\/span><\/p>\n<p><span style=\"color: #ffffff;\">.<\/span><\/p>\n<p><strong><a href=\"http:\/\/faschingszunft.alberschwende.info\/?page_id=1370\" target=\"_self\"><img loading=\"lazy\" class=\"alignleft size-full wp-image-1373\" title=\"versteckte-kamera\" src=\"http:\/\/faschingszunft.alberschwende.info\/wp-content\/uploads\/2008\/12\/versteckte-kamera.jpg\" alt=\"versteckte-kamera\" width=\"112\" height=\"90\" \/><\/a><span style=\"color: #ffffff;\">.<\/span><a href=\"http:\/\/faschingszunft.alberschwende.info\/?page_id=1370\" target=\"_self\">Versteckte Kamera Dorfball 2001<\/a><\/strong> (von Harald B\u00f6hler)<\/p>\n<p><span style=\"color: #ffffff;\">.<\/span><\/p>\n<p><span style=\"color: #ffffff;\">.<\/span><\/p>\n<p><span style=\"color: #ffffff;\">.<\/span><\/p>\n<p><strong><a href=\"http:\/\/faschingszunft.alberschwende.info\/?page_id=1375\" target=\"_self\"><img loading=\"lazy\" class=\"alignleft size-full wp-image-1377\" title=\"narrenolympiade-2000\" src=\"http:\/\/faschingszunft.alberschwende.info\/wp-content\/uploads\/2008\/12\/narrenolympiade-2000.jpg\" alt=\"narrenolympiade-2000\" width=\"120\" height=\"90\" \/><\/a><span style=\"color: #ffffff;\">.<\/span><a href=\"http:\/\/faschingszunft.alberschwende.info\/?page_id=1375\" target=\"_self\">Z\u00fcnftler bei der Narrenolympiade 2000<\/a><\/strong> (von Harald B\u00f6hler)<\/p>\n<p><span style=\"color: #ffffff;\">.<\/span><\/p>\n<p><span style=\"color: #ffffff;\">.<\/span><\/p>\n<p><span style=\"color: #ffffff;\">.<\/span><\/p>\n<p><strong><a href=\"http:\/\/faschingszunft.alberschwende.info\/?page_id=1380\" target=\"_self\"><img loading=\"lazy\" class=\"alignleft size-full wp-image-1382\" title=\"funken\" src=\"http:\/\/faschingszunft.alberschwende.info\/wp-content\/uploads\/2008\/12\/funken.jpg\" alt=\"funken\" width=\"120\" height=\"90\" \/><\/a><span style=\"color: #ffffff;\">.<\/span><a href=\"http:\/\/faschingszunft.alberschwende.info\/?page_id=1380\" target=\"_self\">Alberschwender Funkenaufbau 199?<\/a> <\/strong> (von Harald B\u00f6hler)<\/p>\n<p><span style=\"color: #ffffff;\">.<\/span><\/p>\n<p><span style=\"color: #ffffff;\">.<\/span><\/p>\n<p><span style=\"color: #ffffff;\">.<\/span><\/p>\n<p><strong><a href=\"http:\/\/faschingszunft.alberschwende.info\/?page_id=1384\" target=\"_self\"><img loading=\"lazy\" class=\"alignleft size-full wp-image-1386\" title=\"garde-1995\" src=\"http:\/\/faschingszunft.alberschwende.info\/wp-content\/uploads\/2008\/12\/garde-1995.jpg\" alt=\"garde-1995\" width=\"120\" height=\"90\" \/><\/a><span style=\"color: #ffffff;\">.<\/span><a href=\"http:\/\/faschingszunft.alberschwende.info\/?page_id=1384\" target=\"_self\">Garde 1995 Marsch<\/a> <\/strong>(von Harald B\u00f6hler)<\/p>\n<p><span style=\"color: #ffffff;\">.<\/span><\/p>\n<p><span style=\"color: #ffffff;\">.<\/span><\/p>\n<p><span style=\"color: #ffffff;\">.<\/span><\/p>\n<p><strong><a href=\"http:\/\/faschingszunft.alberschwende.info\/?page_id=1390\" target=\"_self\"><img loading=\"lazy\" class=\"alignleft size-full wp-image-1392\" title=\"garde-1994\" src=\"http:\/\/faschingszunft.alberschwende.info\/wp-content\/uploads\/2008\/12\/garde-1994.jpg\" alt=\"garde-1994\" width=\"120\" height=\"90\" \/><\/a><span style=\"color: #ffffff;\">.<\/span><a href=\"http:\/\/faschingszunft.alberschwende.info\/?page_id=1390\" target=\"_self\">Garde 1994 Showtanz<\/a> <\/strong>(von Harald B\u00f6hler)<\/p>\n<p><span style=\"color: #ffffff;\">.<\/span><\/p>\n<p><span style=\"color: #ffffff;\">.<\/span><\/p>\n<p><span style=\"color: #ffffff;\">.<\/span><\/p>\n<p><strong><a href=\"http:\/\/faschingszunft.alberschwende.info\/?page_id=1397\" target=\"_self\"><img loading=\"lazy\" class=\"alignleft size-full wp-image-1400\" title=\"umzuge-1994\" src=\"http:\/\/faschingszunft.alberschwende.info\/wp-content\/uploads\/2008\/12\/umzuge-1994.jpg\" alt=\"umzuge-1994\" width=\"120\" height=\"90\" \/><\/a><span style=\"color: #ffffff;\">.<\/span><a href=\"http:\/\/faschingszunft.alberschwende.info\/?page_id=1397\" target=\"_self\">Umz\u00fcge 1994 +1996+1997<\/a><\/strong> (von Harald B\u00f6hler)<\/p>\n<p><span style=\"color: #ffffff;\">.<\/span><\/p>\n<p><span style=\"color: #ffffff;\">.<\/span><\/p>\n<p><span style=\"color: #ffffff;\">.<\/span><\/p>\n<p><strong><a href=\"http:\/\/faschingszunft.alberschwende.info\/?page_id=1402\" target=\"_self\"><img loading=\"lazy\" class=\"alignleft size-full wp-image-1403\" title=\"zunft-grillen-19\" src=\"http:\/\/faschingszunft.alberschwende.info\/wp-content\/uploads\/2008\/12\/zunft-grillen-19.jpg\" alt=\"zunft-grillen-19\" width=\"120\" height=\"90\" \/><\/a><span style=\"color: #ffffff;\">.<\/span><a href=\"http:\/\/faschingszunft.alberschwende.info\/?page_id=1402\" target=\"_self\">Zunft Grillen 19??<\/a> <\/strong>(von Harald B\u00f6hler)<\/p>\n<p><span style=\"color: #ffffff;\">.<\/span><\/p>\n<p><span style=\"color: #ffffff;\">.<\/span><\/p>\n<p><span style=\"color: #ffffff;\">.<\/span><\/p>\n","protected":false},"excerpt":{"rendered":"<p>..Gardeshooting 2010 (von Harald B\u00f6hler) &#8230; &#8230;&#8230;.. &#8230;&#8230;&#8230;&#8230; . . Faschingumzug 2010 (L\u00e4ndle TV) . . . . &#8230;\u00a0 Kampf der Gigangen (von Harald B\u00f6hler) .. . . Gardeauftritt Buch 2010 .\u00a0 Auftritt Kindergarde Buch 2010 (von Harald B\u00f6hler) . . . . .Jubil\u00e4umsumzug MV Alberschwende 2009 (von Harald B\u00f6hler) . . .. .Kindergarde + &hellip; <a href=\"https:\/\/faschingszunft.alberschwende.info\/?page_id=22\" class=\"more-link\"><span class=\"screen-reader-text\">Videos<\/span> weiterlesen<\/a><\/p>\n","protected":false},"author":1,"featured_media":0,"parent":0,"menu_order":6,"comment_status":"open","ping_status":"open","template":"","meta":{"ngg_post_thumbnail":0},"_links":{"self":[{"href":"https:\/\/faschingszunft.alberschwende.info\/index.php?rest_route=\/wp\/v2\/pages\/22"}],"collection":[{"href":"https:\/\/faschingszunft.alberschwende.info\/index.php?rest_route=\/wp\/v2\/pages"}],"about":[{"href":"https:\/\/faschingszunft.alberschwende.info\/index.php?rest_route=\/wp\/v2\/types\/page"}],"author":[{"embeddable":true,"href":"https:\/\/faschingszunft.alberschwende.info\/index.php?rest_route=\/wp\/v2\/users\/1"}],"replies":[{"embeddable":true,"href":"https:\/\/faschingszunft.alberschwende.info\/index.php?rest_route=%2Fwp%2Fv2%2Fcomments&post=22"}],"version-history":[{"count":66,"href":"https:\/\/faschingszunft.alberschwende.info\/index.php?rest_route=\/wp\/v2\/pages\/22\/revisions"}],"predecessor-version":[{"id":1148,"href":"https:\/\/faschingszunft.alberschwende.info\/index.php?rest_route=\/wp\/v2\/pages\/22\/revisions\/1148"}],"wp:attachment":[{"href":"https:\/\/faschingszunft.alberschwende.info\/index.php?rest_route=%2Fwp%2Fv2%2Fmedia&parent=22"}],"curies":[{"name":"wp","href":"https:\/\/api.w.org\/{rel}","templated":true}]}}